{"id":71,"date":"2023-12-19T10:24:24","date_gmt":"2023-12-19T13:24:24","guid":{"rendered":"https:\/\/mybeautygarden.com\/?post_type=product&#038;p=71"},"modified":"2024-04-22T10:50:50","modified_gmt":"2024-04-22T13:50:50","slug":"aceites-esenciales-botanical-blends-10ml","status":"publish","type":"product","link":"https:\/\/mybeautygarden.com\/?product=aceites-esenciales-botanical-blends-10ml","title":{"rendered":"Aceites esenciales: Botanical Blends 10 ml"},"content":{"rendered":"<p>La l\u00ednea de Blends combinan los mejores aceites esenciales especialmente seleccionados en una f\u00f3rmula exclusiva, para conectar con nuestras emociones. Cada uno refleja y armoniza los diferentes estados por donde nuestra energ\u00eda circula. Modelos: Amor propio: Combinaci\u00f3n de los aceites esenciales Nerol\u00ed, Menta, Petit Grain y Jazm\u00edn con una base de aceite de Almendras. Aroma floral dulce para nutrir la propia confianza y seguridad, conectando con el cuerpo, la mente y las emociones. Calma natural: Delicada combinaci\u00f3n de los aceites esenciales Melisa, Cedro, Manzanilla y S\u00e1ndalo con una base de aceite de Almendras. Aroma fresco y relajante para armonizar el cuerpo, la mente y las emociones equilibrando tus sentidos. Energia vital: Combinamos los aceites esenciales Lim\u00f3n, Litsea Cubeba, Lima y Eucalipto con una base de aceite de Almendras. Aroma frutal para revitalizar el cuerpo, la mente y las emociones, renovando la energ\u00eda y la motivaci\u00f3n. Modo de uso: Aplicar directamente sobre la piel, en la zona del cuello, sien, hombros, mu\u00f1ecas o detr\u00e1s de las orejas para equilibrar estados de \u00e1nimo mediante las propiedades de los aceites esenciales. Uso diario. Presentaci\u00f3n: Envase de vidrio roll on de 10 ml.<\/p>\n<p>Tipo de envase: Envase de vidrio roll on<br \/>\nVolumen de la unidad: 10 ml<br \/>\nFormato del producto: Amor propio<br \/>\nApto Cel\u00edaco: Si<br \/>\nEs aprobado por ANMAT: Si<br \/>\nEs natural: Si<br \/>\n\u00bfEs libre de crueldad?: Si<br \/>\n\u00bfEs vegano?: Si<\/p>\n","protected":false},"excerpt":{"rendered":"<p>La l\u00ednea de Blends combinan los mejores aceites esenciales especialmente seleccionados en una f\u00f3rmula exclusiva, para conectar con nuestras emociones.<\/p>\n","protected":false},"featured_media":340,"comment_status":"closed","ping_status":"closed","template":"","meta":{"_kad_post_transparent":"default","_kad_post_title":"","_kad_post_layout":"default","_kad_post_sidebar_id":"","_kad_post_content_style":"default","_kad_post_vertical_padding":"default","_kad_post_feature":"","_kad_post_feature_position":"","_kad_post_header":false,"_kad_post_footer":false,"_kad_post_classname":""},"product_brand":[],"product_cat":[19],"product_tag":[],"class_list":{"0":"post-71","1":"product","2":"type-product","3":"status-publish","4":"has-post-thumbnail","6":"product_cat-fragancias","8":"first","9":"instock","10":"shipping-taxable","11":"purchasable","12":"product-type-variable","13":"entry","14":"content-bg","15":"loop-entry"},"_links":{"self":[{"href":"https:\/\/mybeautygarden.com\/index.php?rest_route=\/wp\/v2\/product\/71","targetHints":{"allow":["GET"]}}],"collection":[{"href":"https:\/\/mybeautygarden.com\/index.php?rest_route=\/wp\/v2\/product"}],"about":[{"href":"https:\/\/mybeautygarden.com\/index.php?rest_route=\/wp\/v2\/types\/product"}],"replies":[{"embeddable":true,"href":"https:\/\/mybeautygarden.com\/index.php?rest_route=%2Fwp%2Fv2%2Fcomments&post=71"}],"wp:featuredmedia":[{"embeddable":true,"href":"https:\/\/mybeautygarden.com\/index.php?rest_route=\/wp\/v2\/media\/340"}],"wp:attachment":[{"href":"https:\/\/mybeautygarden.com\/index.php?rest_route=%2Fwp%2Fv2%2Fmedia&parent=71"}],"wp:term":[{"taxonomy":"product_brand","embeddable":true,"href":"https:\/\/mybeautygarden.com\/index.php?rest_route=%2Fwp%2Fv2%2Fproduct_brand&post=71"},{"taxonomy":"product_cat","embeddable":true,"href":"https:\/\/mybeautygarden.com\/index.php?rest_route=%2Fwp%2Fv2%2Fproduct_cat&post=71"},{"taxonomy":"product_tag","embeddable":true,"href":"https:\/\/mybeautygarden.com\/index.php?rest_route=%2Fwp%2Fv2%2Fproduct_tag&post=71"}],"curies":[{"name":"wp","href":"https:\/\/api.w.org\/{rel}","templated":true}]}}