{"id":115,"date":"2023-12-19T17:59:27","date_gmt":"2023-12-19T20:59:27","guid":{"rendered":"https:\/\/mybeautygarden.com\/?post_type=product&#038;p=115"},"modified":"2024-12-11T11:07:55","modified_gmt":"2024-12-11T14:07:55","slug":"espuma-facial-de-limpieza-foamer-150ml","status":"publish","type":"product","link":"https:\/\/mybeautygarden.com\/?product=espuma-facial-de-limpieza-foamer-150ml","title":{"rendered":"Espuma Facial de Limpieza: The Clean Foamer 150 ml"},"content":{"rendered":"<p>El pepino est\u00e1 compuesto principalmente de agua (95%) y una gran fuente de vitaminas y minerales que ayudan a mantener nuestra piel m\u00e1s saludable, refresc\u00e1ndola y protegi\u00e9ndola. Los nutrientes y los compuestos activos del pepino son \u00fatiles para hidratar, reafirmar y rejuvenecer la piel del rostro mediante la oxigenaci\u00f3n de las c\u00e9lulas. Sus propiedades astringentes ayudan a controlar y reducir los excesos de grasa, manteniendo la piel limpia e hidratada. Modo de uso: Aplicar la espuma directo sobre la yema de los dedos. Masajea suavemente sobre rostro y cuello, evitando la zona de los ojos. Enjuaga con agua tibia. Ingredientes: agua, glicerina, cocamidopropyl betaine, sodium cocoyl glutamate, cucumis sativus (cucumber), extracto de fruta, acido citrico, panthenol, xanthan gum, benzyl alcohol, ethylhexylglycerin, tocopheryl acetate, polyquaternium-7 y dehydroacetic acid.<\/p>\n<p>&nbsp;<\/p>\n<p>Marca: Veganis<br \/>\n\u00c1rea de aplicaci\u00f3n: Rostro<br \/>\nBeneficios: Refresca, protege, hidrata, reafirma, rejuvenece, es astringente, limpia, y ayuda a controlar y reducir los excesos de grasa<br \/>\nTipo de piel: Todo tipo de piel<br \/>\nVolumen de la unidad: 150 ML<br \/>\nTipo de envase: Con v\u00e1lvula<br \/>\nEs natural: Si<br \/>\nApto vegano: Si<br \/>\nEst\u00e1 aprobado por ANMAT: Si<\/p>\n","protected":false},"excerpt":{"rendered":"<p>El pepino est\u00e1 compuesto principalmente de agua (95%) y una gran fuente de vitaminas y minerales que ayudan a mantener nuestra piel m\u00e1s saludable.<\/p>\n","protected":false},"featured_media":360,"comment_status":"closed","ping_status":"closed","template":"","meta":{"_kad_post_transparent":"default","_kad_post_title":"","_kad_post_layout":"default","_kad_post_sidebar_id":"","_kad_post_content_style":"default","_kad_post_vertical_padding":"default","_kad_post_feature":"","_kad_post_feature_position":"","_kad_post_header":false,"_kad_post_footer":false,"_kad_post_classname":""},"product_brand":[],"product_cat":[17],"product_tag":[],"class_list":{"0":"post-115","1":"product","2":"type-product","3":"status-publish","4":"has-post-thumbnail","6":"product_cat-belleza-cuidado-de-la-piel","8":"first","9":"instock","10":"featured","11":"shipping-taxable","12":"purchasable","13":"product-type-simple","14":"entry","15":"content-bg","16":"loop-entry"},"_links":{"self":[{"href":"https:\/\/mybeautygarden.com\/index.php?rest_route=\/wp\/v2\/product\/115","targetHints":{"allow":["GET"]}}],"collection":[{"href":"https:\/\/mybeautygarden.com\/index.php?rest_route=\/wp\/v2\/product"}],"about":[{"href":"https:\/\/mybeautygarden.com\/index.php?rest_route=\/wp\/v2\/types\/product"}],"replies":[{"embeddable":true,"href":"https:\/\/mybeautygarden.com\/index.php?rest_route=%2Fwp%2Fv2%2Fcomments&post=115"}],"wp:featuredmedia":[{"embeddable":true,"href":"https:\/\/mybeautygarden.com\/index.php?rest_route=\/wp\/v2\/media\/360"}],"wp:attachment":[{"href":"https:\/\/mybeautygarden.com\/index.php?rest_route=%2Fwp%2Fv2%2Fmedia&parent=115"}],"wp:term":[{"taxonomy":"product_brand","embeddable":true,"href":"https:\/\/mybeautygarden.com\/index.php?rest_route=%2Fwp%2Fv2%2Fproduct_brand&post=115"},{"taxonomy":"product_cat","embeddable":true,"href":"https:\/\/mybeautygarden.com\/index.php?rest_route=%2Fwp%2Fv2%2Fproduct_cat&post=115"},{"taxonomy":"product_tag","embeddable":true,"href":"https:\/\/mybeautygarden.com\/index.php?rest_route=%2Fwp%2Fv2%2Fproduct_tag&post=115"}],"curies":[{"name":"wp","href":"https:\/\/api.w.org\/{rel}","templated":true}]}}