{"id":103,"date":"2023-12-19T17:45:31","date_gmt":"2023-12-19T20:45:31","guid":{"rendered":"https:\/\/mybeautygarden.com\/?post_type=product&#038;p=103"},"modified":"2025-10-29T12:30:19","modified_gmt":"2025-10-29T15:30:19","slug":"pulpa-de-limpieza-facial-oil-extract-250ml","status":"publish","type":"product","link":"https:\/\/mybeautygarden.com\/?product=pulpa-de-limpieza-facial-oil-extract-250ml","title":{"rendered":"Pulpa de Limpieza Facial: Oil &amp; Extract 250 ml"},"content":{"rendered":"<p>Se destaca por la ausencia de total de todo tipo de SULFATOS (un detergente sint\u00e9tico, agente limpiador y surfactante), este material est\u00e1 presente en la totalidad de cosm\u00e9ticos comerciales y productos de limpieza, su principal funci\u00f3n es la generaci\u00f3n de espuma. Estos, muchas veces pueden irritar, causar eczema, enrojecer y secar la piel y\/o cuero cabelludo, particularmente en altas concentraciones o cuando es usado con frecuencia. OIL &amp; EXTRACT reemplaza en un 100% esta materia prima por GLUCOSIDOS, bases limpiadoras derivadas del az\u00facar de coco que llamaremos: gluc\u00f3sidos de coco. Estos que son ahora mismo los tensioactivos m\u00e1s suaves del mercado, se forman mediante la uni\u00f3n de \u00e1cidos grasos de coco con una glucosa, de composici\u00f3n 100% vegetal y con base en estudios se comprueba que baja considerablemente la irritabilidad, son mas suaves y 100% biodegradables. Producto no testeado en animales, sin TACC, libre de parabenos, sin vaselinas, siliconas, parafinas, aceite mineral, 100% activos vegetales.<\/p>\n<p>Activos: ARG\u00c1N, MACADAMIA, JOJOBA, NEEM, COCO, ALMENDRA, \u00c1RNICA, PALTA, TEA TREE, HAMAMELIS,ALOE, CALENDULA, ENEBRO, CASTA\u00d1O, CENTELLA, S\u00c1NDALO, LAVANDA, MANZANILLA, SALVIA, ROSA MOSQUETA, CAYENA, EQUINACEA, MENTA, NARANJA, ORTIGA Y TOMILLO. Su formula adiciona: Aceite esencial de mandarina, aceite de coco org\u00e1nico, extracto de algas org\u00e1nicas y vitamina C.<br \/>\nAcci\u00f3n: Limpia la piel y a la vez ilumina, tonifica y revitaliza la piel.<br \/>\nAplicaci\u00f3n \/ Usos: Ideal para utilizar diariamente como paso inicial en la rutina de limpieza facial, antes de aplicar alg\u00fan serum multivitam\u00ednico de uso nocturno.<br \/>\nHidrataci\u00f3n: Media<br \/>\nPresentaci\u00f3n: Frasco por 250 ml<\/p>\n","protected":false},"excerpt":{"rendered":"<p>Limpia la piel y a la vez ilumina, tonifica y revitaliza la piel. Su formula adiciona: aceite esencial de mandarina, aceite de coco org\u00e1nico, extracto de algas org\u00e1nicas y vitamina C.<\/p>\n","protected":false},"featured_media":700,"comment_status":"closed","ping_status":"closed","template":"","meta":{"_kad_post_transparent":"default","_kad_post_title":"","_kad_post_layout":"default","_kad_post_sidebar_id":"","_kad_post_content_style":"default","_kad_post_vertical_padding":"default","_kad_post_feature":"","_kad_post_feature_position":"","_kad_post_header":false,"_kad_post_footer":false,"_kad_post_classname":""},"product_brand":[],"product_cat":[17],"product_tag":[],"class_list":{"0":"post-103","1":"product","2":"type-product","3":"status-publish","4":"has-post-thumbnail","6":"product_cat-belleza-cuidado-de-la-piel","8":"first","9":"instock","10":"featured","11":"shipping-taxable","12":"purchasable","13":"product-type-simple","14":"entry","15":"content-bg","16":"loop-entry"},"_links":{"self":[{"href":"https:\/\/mybeautygarden.com\/index.php?rest_route=\/wp\/v2\/product\/103","targetHints":{"allow":["GET"]}}],"collection":[{"href":"https:\/\/mybeautygarden.com\/index.php?rest_route=\/wp\/v2\/product"}],"about":[{"href":"https:\/\/mybeautygarden.com\/index.php?rest_route=\/wp\/v2\/types\/product"}],"replies":[{"embeddable":true,"href":"https:\/\/mybeautygarden.com\/index.php?rest_route=%2Fwp%2Fv2%2Fcomments&post=103"}],"wp:featuredmedia":[{"embeddable":true,"href":"https:\/\/mybeautygarden.com\/index.php?rest_route=\/wp\/v2\/media\/700"}],"wp:attachment":[{"href":"https:\/\/mybeautygarden.com\/index.php?rest_route=%2Fwp%2Fv2%2Fmedia&parent=103"}],"wp:term":[{"taxonomy":"product_brand","embeddable":true,"href":"https:\/\/mybeautygarden.com\/index.php?rest_route=%2Fwp%2Fv2%2Fproduct_brand&post=103"},{"taxonomy":"product_cat","embeddable":true,"href":"https:\/\/mybeautygarden.com\/index.php?rest_route=%2Fwp%2Fv2%2Fproduct_cat&post=103"},{"taxonomy":"product_tag","embeddable":true,"href":"https:\/\/mybeautygarden.com\/index.php?rest_route=%2Fwp%2Fv2%2Fproduct_tag&post=103"}],"curies":[{"name":"wp","href":"https:\/\/api.w.org\/{rel}","templated":true}]}}